{"id":16428,"date":"2024-03-14T18:51:56","date_gmt":"2024-03-14T18:51:56","guid":{"rendered":"https:\/\/fabiocartorios.com.br\/?page_id=16428"},"modified":"2024-04-04T19:12:14","modified_gmt":"2024-04-04T19:12:14","slug":"conservacao-e-restauro","status":"publish","type":"page","link":"https:\/\/fabiocartorios.com.br\/?page_id=16428","title":{"rendered":"CONSERVA\u00c7\u00c3O E RESTAURO"},"content":{"rendered":"<p>[et_pb_section fb_built=&#8221;1&#8243; _builder_version=&#8221;4.24.2&#8243; _module_preset=&#8221;default&#8221; background_enable_image=&#8221;off&#8221; global_colors_info=&#8221;{}&#8221;][et_pb_row _builder_version=&#8221;4.24.2&#8243; _module_preset=&#8221;default&#8221; global_colors_info=&#8221;{}&#8221;][et_pb_column type=&#8221;4_4&#8243; _builder_version=&#8221;4.24.2&#8243; _module_preset=&#8221;default&#8221; global_colors_info=&#8221;{}&#8221;][et_pb_divider show_divider=&#8221;off&#8221; _builder_version=&#8221;4.24.2&#8243; _module_preset=&#8221;default&#8221; min_height=&#8221;100px&#8221; global_colors_info=&#8221;{}&#8221;][\/et_pb_divider][et_pb_text _builder_version=&#8221;4.24.2&#8243; _module_preset=&#8221;default&#8221; global_colors_info=&#8221;{}&#8221;]<\/p>\n<h2>CONSERVA\u00c7\u00c3O E RESTAURO<\/h2>\n<p>[\/et_pb_text][et_pb_text _builder_version=&#8221;4.24.2&#8243; _module_preset=&#8221;default&#8221; global_colors_info=&#8221;{}&#8221;]<\/p>\n<h3>Restaura\u00e7\u00e3o e\/ou Encaderna\u00e7\u00e3o de Livros Cartor\u00e1rios Antigos ou Danificados.<\/h3>\n<p>[\/et_pb_text][\/et_pb_column][\/et_pb_row][et_pb_row column_structure=&#8221;2_5,3_5&#8243; _builder_version=&#8221;4.24.2&#8243; _module_preset=&#8221;default&#8221; global_colors_info=&#8221;{}&#8221;][et_pb_column type=&#8221;2_5&#8243; _builder_version=&#8221;4.24.2&#8243; _module_preset=&#8221;default&#8221; global_colors_info=&#8221;{}&#8221;][et_pb_text _builder_version=&#8221;4.24.2&#8243; _module_preset=&#8221;default&#8221; hover_enabled=&#8221;0&#8243; global_colors_info=&#8221;{}&#8221; sticky_enabled=&#8221;0&#8243;]<\/p>\n<p style=\"text-align: justify;\">Tanto o processo de encaderna\u00e7\u00e3o quanto o de restaura\u00e7\u00e3o s\u00e3o totalmente artesanais.<br \/>Utilizamos t\u00e9cnicas e materiais diferenciados, com o objetivo de preservar ou devolver ao livro sua fun\u00e7\u00e3o documental plena.<\/p>\n<p style=\"text-align: justify;\">Dependendo do estado de conserva\u00e7\u00e3o do livro ou da necessidade do cliente, podemos optar por uma capa com pl\u00e1sticos onde as p\u00e1ginas do original, ap\u00f3s cuidadoso desmonte, ser\u00e3o acondicionadas, ou ent\u00e3o partimos para uma encaderna\u00e7\u00e3o totalmente nova, substituindo integralmente a capa danificada e preservando o conte\u00fado.<\/p>\n<p>[\/et_pb_text][\/et_pb_column][et_pb_column type=&#8221;3_5&#8243; _builder_version=&#8221;4.24.2&#8243; _module_preset=&#8221;default&#8221; global_colors_info=&#8221;{}&#8221;][et_pb_text _builder_version=&#8221;4.24.2&#8243; _module_preset=&#8221;default&#8221; hover_enabled=&#8221;0&#8243; global_colors_info=&#8221;{}&#8221; sticky_enabled=&#8221;0&#8243;]<\/p>\n<p style=\"text-align: justify;\">Utilize o formul\u00e1rio abaixo e solicite uma avalia\u00e7\u00e3o para a restaura\u00e7\u00e3o do seu livro. Forne\u00e7a o m\u00e1ximo de detalhes sobre as condi\u00e7\u00f5es em que se encontra a pe\u00e7a.<\/p>\n<p>[\/et_pb_text][dvppl_cf7_styler cf7=&#8221;16679&#8243; _builder_version=&#8221;4.24.2&#8243; _module_preset=&#8221;default&#8221; global_colors_info=&#8221;{}&#8221;][\/dvppl_cf7_styler][\/et_pb_column][\/et_pb_row][et_pb_row use_custom_gutter=&#8221;on&#8221; gutter_width=&#8221;1&#8243; _builder_version=&#8221;4.24.2&#8243; _module_preset=&#8221;default&#8221; width=&#8221;100%&#8221; global_colors_info=&#8221;{}&#8221;][et_pb_column type=&#8221;4_4&#8243; _builder_version=&#8221;4.24.2&#8243; _module_preset=&#8221;default&#8221; global_colors_info=&#8221;{}&#8221;][et_pb_gallery gallery_ids=&#8221;16441,16446,16445,16444,16443,16442,16439,16440,16438,16437,16436,16435,16434,16432,16431,16430&#8243; posts_number=&#8221;18&#8243; show_title_and_caption=&#8221;off&#8221; show_pagination=&#8221;off&#8221; hover_overlay_color=&#8221;rgba(255,255,255,0.5)&#8221; hover_icon=&#8221;&#x54;||divi||400&#8243; _builder_version=&#8221;4.24.2&#8243; _module_preset=&#8221;default&#8221; hover_enabled=&#8221;0&#8243; global_colors_info=&#8221;{}&#8221; sticky_enabled=&#8221;0&#8243; border_width_all_image=&#8221;10px&#8221; border_color_all_image=&#8221;#FFFFFF&#8221;][\/et_pb_gallery][\/et_pb_column][\/et_pb_row][\/et_pb_section]<\/p>\n","protected":false},"excerpt":{"rendered":"<p>CONSERVA\u00c7\u00c3O E RESTAURORestaura\u00e7\u00e3o e\/ou Encaderna\u00e7\u00e3o de Livros Cartor\u00e1rios Antigos ou Danificados.Tanto o processo de encaderna\u00e7\u00e3o quanto o de restaura\u00e7\u00e3o s\u00e3o totalmente artesanais.Utilizamos t\u00e9cnicas e materiais diferenciados, com o objetivo de preservar ou devolver ao livro sua fun\u00e7\u00e3o documental plena. Dependendo do estado de conserva\u00e7\u00e3o do livro ou da necessidade do cliente, podemos optar por uma [&hellip;]<\/p>\n","protected":false},"author":1,"featured_media":0,"parent":0,"menu_order":0,"comment_status":"closed","ping_status":"closed","template":"","meta":{"_et_pb_use_builder":"on","_et_pb_old_content":"","_et_gb_content_width":"","footnotes":""},"class_list":["post-16428","page","type-page","status-publish","hentry"],"_links":{"self":[{"href":"https:\/\/fabiocartorios.com.br\/index.php?rest_route=\/wp\/v2\/pages\/16428","targetHints":{"allow":["GET"]}}],"collection":[{"href":"https:\/\/fabiocartorios.com.br\/index.php?rest_route=\/wp\/v2\/pages"}],"about":[{"href":"https:\/\/fabiocartorios.com.br\/index.php?rest_route=\/wp\/v2\/types\/page"}],"author":[{"embeddable":true,"href":"https:\/\/fabiocartorios.com.br\/index.php?rest_route=\/wp\/v2\/users\/1"}],"replies":[{"embeddable":true,"href":"https:\/\/fabiocartorios.com.br\/index.php?rest_route=%2Fwp%2Fv2%2Fcomments&post=16428"}],"version-history":[{"count":12,"href":"https:\/\/fabiocartorios.com.br\/index.php?rest_route=\/wp\/v2\/pages\/16428\/revisions"}],"predecessor-version":[{"id":16724,"href":"https:\/\/fabiocartorios.com.br\/index.php?rest_route=\/wp\/v2\/pages\/16428\/revisions\/16724"}],"wp:attachment":[{"href":"https:\/\/fabiocartorios.com.br\/index.php?rest_route=%2Fwp%2Fv2%2Fmedia&parent=16428"}],"curies":[{"name":"wp","href":"https:\/\/api.w.org\/{rel}","templated":true}]}}

CONSERVAÇÃO E RESTAURO

<p>[et_pb_section fb_built=&#8221;1&#8243; _builder_version=&#8221;4.24.2&#8243; _module_preset=&#8221;default&#8221; background_enable_image=&#8221;off&#8221; global_colors_info=&#8221;{}&#8221;][et_pb_row _builder_version=&#8221;4.24.2&#8243; _module_preset=&#8221;default&#8221; global_colors_info=&#8221;{}&#8221;][et_pb_column type=&#8221;4_4&#8243; _builder_version=&#8221;4.24.2&#8243; _module_preset=&#8221;default&#8221; global_colors_info=&#8221;{}&#8221;][et_pb_divider show_divider=&#8221;off&#8221; _builder_version=&#8221;4.24.2&#8243; _module_preset=&#8221;default&#8221; min_height=&#8221;100px&#8221; global_colors_info=&#8221;{}&#8221;][/et_pb_divider][et_pb_text _builder_version=&#8221;4.24.2&#8243; _module_preset=&#8221;default&#8221; global_colors_info=&#8221;{}&#8221;]</p>
<h2>CONSERVAÇÃO E RESTAURO</h2>
<p>[/et_pb_text][et_pb_text _builder_version=&#8221;4.24.2&#8243; _module_preset=&#8221;default&#8221; global_colors_info=&#8221;{}&#8221;]</p>
<h3>Restauração e/ou Encadernação de Livros Cartorários Antigos ou Danificados.</h3>
<p>[/et_pb_text][/et_pb_column][/et_pb_row][et_pb_row column_structure=&#8221;2_5,3_5&#8243; _builder_version=&#8221;4.24.2&#8243; _module_preset=&#8221;default&#8221; global_colors_info=&#8221;{}&#8221;][et_pb_column type=&#8221;2_5&#8243; _builder_version=&#8221;4.24.2&#8243; _module_preset=&#8221;default&#8221; global_colors_info=&#8221;{}&#8221;][et_pb_text _builder_version=&#8221;4.24.2&#8243; _module_preset=&#8221;default&#8221; hover_enabled=&#8221;0&#8243; global_colors_info=&#8221;{}&#8221; sticky_enabled=&#8221;0&#8243;]</p>
<p style="text-align: justify;">Tanto o processo de encadernação quanto o de restauração são totalmente artesanais.<br />Utilizamos técnicas e materiais diferenciados, com o objetivo de preservar ou devolver ao livro sua função documental plena.</p>
<p style="text-align: justify;">Dependendo do estado de conservação do livro ou da necessidade do cliente, podemos optar por uma capa com plásticos onde as páginas do original, após cuidadoso desmonte, serão acondicionadas, ou então partimos para uma encadernação totalmente nova, substituindo integralmente a capa danificada e preservando o conteúdo.</p>
<p>[/et_pb_text][/et_pb_column][et_pb_column type=&#8221;3_5&#8243; _builder_version=&#8221;4.24.2&#8243; _module_preset=&#8221;default&#8221; global_colors_info=&#8221;{}&#8221;][et_pb_text _builder_version=&#8221;4.24.2&#8243; _module_preset=&#8221;default&#8221; hover_enabled=&#8221;0&#8243; global_colors_info=&#8221;{}&#8221; sticky_enabled=&#8221;0&#8243;]</p>
<p style="text-align: justify;">Utilize o formulário abaixo e solicite uma avaliação para a restauração do seu livro. Forneça o máximo de detalhes sobre as condições em que se encontra a peça.</p>
<p>[/et_pb_text][dvppl_cf7_styler cf7=&#8221;16679&#8243; _builder_version=&#8221;4.24.2&#8243; _module_preset=&#8221;default&#8221; global_colors_info=&#8221;{}&#8221;][/dvppl_cf7_styler][/et_pb_column][/et_pb_row][et_pb_row use_custom_gutter=&#8221;on&#8221; gutter_width=&#8221;1&#8243; _builder_version=&#8221;4.24.2&#8243; _module_preset=&#8221;default&#8221; width=&#8221;100%&#8221; global_colors_info=&#8221;{}&#8221;][et_pb_column type=&#8221;4_4&#8243; _builder_version=&#8221;4.24.2&#8243; _module_preset=&#8221;default&#8221; global_colors_info=&#8221;{}&#8221;][et_pb_gallery gallery_ids=&#8221;16441,16446,16445,16444,16443,16442,16439,16440,16438,16437,16436,16435,16434,16432,16431,16430&#8243; posts_number=&#8221;18&#8243; show_title_and_caption=&#8221;off&#8221; show_pagination=&#8221;off&#8221; hover_overlay_color=&#8221;rgba(255,255,255,0.5)&#8221; hover_icon=&#8221;&#x54;||divi||400&#8243; _builder_version=&#8221;4.24.2&#8243; _module_preset=&#8221;default&#8221; hover_enabled=&#8221;0&#8243; global_colors_info=&#8221;{}&#8221; sticky_enabled=&#8221;0&#8243; border_width_all_image=&#8221;10px&#8221; border_color_all_image=&#8221;#FFFFFF&#8221;][/et_pb_gallery][/et_pb_column][/et_pb_row][/et_pb_section]</p>

<p>CONSERVAÇÃO E RESTAURORestauração e/ou Encadernação de Livros Cartorários Antigos ou Danificados.Tanto o processo de encadernação quanto o de restauração são totalmente artesanais.Utilizamos técnicas e materiais diferenciados, com o objetivo de preservar ou devolver ao livro sua função documental plena. Dependendo do estado de conservação do livro ou da necessidade do cliente, podemos optar por uma [&hellip;]</p>
